 base 7, what is -42 + -21?
-63
In base 6, what is 0 + 543?
543
In base 7, what is -1 - -245?
244
In base 7, what is -261 + -13?
-304
In base 2, what is 1 + 1111011?
1111100
In base 7, what is 22443 + -1?
22442
In base 2, what is -101001001101 - 11?
-101001010000
In base 5, what is -2222 - 11?
-2233
In base 13, what is -84 + 7?
-7a
In base 5, what is -10 + 0?
-10
In base 9, what is -26 - 2?
-28
In base 5, what is 114 - 13?
101
In base 9, what is 0 - -45?
45
In base 5, what is -2224 - -3?
-2221
In base 2, what is -101101 + 100010?
-1011
In base 2, what is 0 + -100001?
-100001
In base 15, what is -3 - 38?
-3b
In base 5, what is -10 + -420?
-430
In base 2, what is 100101 + 10?
100111
In base 3, what is -1 + -2212?
-2220
In base 5, what is 4223 - -2?
4230
In base 7, what is -1110 - 2?
-1112
In base 2, what is -101 - 11110?
-100011
In base 11, what is 4 + 243?
247
In base 4, what is -13010 - 0?
-13010
In base 8, what is 2 - 4?
-2
In base 2, what is -1110110110 - -11?
-1110110011
In base 14, what is 104 + -49?
99
In base 16, what is 7 - -e0?
e7
In base 14, what is 19cd - 3?
19ca
In base 8, what is -10 + 106?
76
In base 15, what is -2 + 40b?
409
In base 4, what is -12 + -1200?
-1212
In base 3, what is -1012210 + 2?
-1012201
In base 14, what is -3a - 5?
-41
In base 9, what is -3 - 203?
-206
In base 15, what is -3 + d5a?
d57
In base 13, what is -18 - -2c4?
2a9
In base 7, what is -425 - -4?
-421
In base 10, what is -6 + -334?
-340
In base 14, what is cc - -3?
d1
In base 12, what is -5 + 142?
139
In base 8, what is -140 - 4?
-144
In base 4, what is -11 - -1320?
1303
In base 15, what is 109 + -5?
104
In base 14, what is 1 - 3d?
-3c
In base 11, what is 17 - 12?
5
In base 15, what is -b + -c01?
-c0c
In base 2, what is 10000 - 1011000010?
-1010110010
In base 4, what is -2011 - -3?
-2002
In base 7, what is 210 + 1?
211
In base 4, what is -10 + -2120201?
-2120211
In base 2, what is -11 - 1011110?
-1100001
In base 10, what is -165 + 2?
-163
In base 14, what is 19 + -5?
14
In base 5, what is -33 + 334?
301
In base 14, what is 0 + 2cc?
2cc
In base 4, what is 33 + -22030?
-21331
In base 14, what is 315 - -17?
32c
In base 6, what is -133 - -10?
-123
In base 13, what is ab2 + 1?
ab3
In base 3, what is 2220 + -11?
2202
In base 15, what is 70 + -2?
6d
In base 11, what is 47 + -2a?
18
In base 15, what is c354 + -3?
c351
In base 14, what is -55 - 1?
-56
In base 3, what is 1 + 2?
10
In base 16, what is -38a + -2?
-38c
In base 11, what is -18 + 62?
45
In base 9, what is 5 - -10125?
10131
In base 7, what is 1061 + -10?
1051
In base 11, what is -3 + 2451?
2449
In base 4, what is 13103 - 13?
13030
In base 15, what is 5 - -551?
556
In base 12, what is -54 + 159?
105
In base 5, what is 340 + 0?
340
In base 11, what is 3 - -43?
46
In base 7, what is 4030 + 2?
4032
In base 5, what is -1031 - -213?
-313
In base 9, what is 16 - 11?
5
In base 4, what is -23 - 132?
-221
In base 6, what is -23 + 231?
204
In base 8, what is -645 - -2?
-643
In base 11, what is -19 + -134?
-152
In base 3, what is 122 - -2102200?
2110022
In base 12, what is -1881 - -3?
-187a
In base 15, what is b6 + -5?
b1
In base 11, what is 0 + 44?
44
In base 3, what is 1220 - -100000?
101220
In base 14, what is -5d + 1?
-5c
In base 14, what is -17 + -20d?
-226
In base 7, what is 63 - 10?
53
In base 5, what is -21 + -1021?
-1042
In base 10, what is 32 - -4?
36
In base 8, what is -336 + 4?
-332
In base 7, what is -1 - 10610?
-10611
In base 9, what is -2656 + -2?
-2658
In base 4, what is -3213010 + -1?
-3213011
In base 12, what is 67 + 0?
67
In base 9, what is 2 + -244?
-242
In base 5, what is -21 - -43?
22
In base 3, what is -111221000 + 11?
-111220212
In base 11, what is -139 - 4?
-142
In base 4, what is 20100 + -13?
20021
In base 13, what is -361 - -4?
-35a
In base 10, what is 27215 + 4?
27219
In base 13, what is -3 + -129?
-12c
In base 10, what is -1 - 7?
-8
In base 7, what is -1 - 1022?
-1023
In base 7, what is 4 - -6?
13
In base 7, what is -3 + -110?
-113
In base 6, what is 12113 - -2?
12115
In base 16, what is 248 + 4?
24c
In base 14, what is -6b - 2?
-6d
In base 7, what is 5 - -103?
111
In base 15, what is -5 + -88?
-8d
In base 11, what is 135 - -1?
136
In base 12, what is -113 + -2?
-115
In base 7, what is -14055 - -5?
-14050
In base 6, what is -45 - 523?
-1012
In base 5, what is 321 - 3?
313
In base 2, what is -10100110 - -1000011?
-1100011
In base 14, what is 2315 + 0?
2315
In base 9, what is -81 - 13?
-104
In base 10, what is 6 + -112?
-106
In base 5, what is -21 - 41?
-112
In base 6, what is -3 + 35?
32
In base 8, what is 6 + -1751?
-1743
In base 5, what is 424 - -10?
434
In base 11, what is -1 - 12a8?
-12a9
In base 12, what is 3 - b0?
-a9
In base 2, what is 100 + -110000110001?
-110000101101
In base 9, what is 2 - -1342?
1344
In base 12, what is 25a + 2?
260
In base 3, what is 202020 - 121?
201122
In base 10, what is -193 + 16?
-177
In base 16, what is -2 + -504?
-506
In base 14, what is 3c3 - -3?
3c6
In base 10, what is -36 - -5?
-31
In base 13, what is -2 + -146?
-148
In base 10, what is 2 + -17?
-15
In base 14, what is 5 - 66?
-61
In base 8, what is 543 - 0?
543
In base 13, what is 7 + -2?
5
In base 14, what is -6 - -1ad?
1a7
In base 13, what is -34 - -70?
39
In base 12, what is 41 - -2?
43
In base 11, what is -13 + 5?
-9
In base 13, what is a + 7?
14
In base 8, what is 7 - -415?
424
In base 10, what is 0 + -75?
-75
In base 7, what is -43144 - 2?
-43146
In base 8, what is -117 - 2?
-121
In base 16, what is 0 + -42?
-42
In base 14, what is 0 - -32?
32
In base 8, what is -3 - 537?
-542
In base 14, what is -39 + a1?
66
In base 2, what is -101 - -1001101?
1001000
In base 15, what is -17ad + 5?
-17a8
In base 15, what is -2 + -5c?
-5e
In base 10, what is 59 - -3?
62
In base 8, what is -2 + -672?
-674
In base 12, what is 41 - -5?
46
In base 4, what is -311 + 0?
-311
In base 4, what is 332 - 1?
331
In base 4, what is 2321 - -10?
2331
In base 14, what is -5 - 11?
-16
In base 2, what is -101 - 11000010?
-11000111
In base 4, what is 11010 - 3?
11001
In base 14, what is 3b8 + -4?
3b4
In base 4, what is -10 - 2301?
-2311
In base 11, what is 3 + 401?
404
In base 6, what is -14 - -1121?
1103
In base 11, what is 33 - 3?
30
In base 4, what is -1033 + -10?
-1103
In base 15, what is -24 - 17?
-3b
In base 11, what is 1a + -6?
14
In base 9, what is -6583 - 5?
-6588
In base 3, what is 102122021 + 1?
102122022
In base 13, what is -6 - -56?
50
In base 2, what is 101 + -11110?
-11001
In base 13, what is a2 + 46?
118
In base 13, what is -16cb + -5?
-1703
In base 2, what is 10001001110001 + -101?
10001001101100
In base 10, what is 1 - 40?
-39
In base 8, what is 0 - 75?
-75
In base 3, what is 11110 - 111?
10222
In base 2, what is -11101010 + 1000?
-11100010
In base 2, what is 110100 + 100010?
1010110
In base 13, what is 6 - 28?
-22
In base 3, what is 1211 + 2?
1220
In base 4, what is -2030 - 10?
-2100
In base 2, what is -100 - 1011100000?
-1011100100
In base 6, what is -1330 - -241?
-1045
In base 9, what is 216 + -6?
210
In base 4, what is -202 + 1?
-201
In base 9, what is 8 + 51?
60
In base 10, what is -2 + -46?
-48
In base 12, what is -3 - 1?
-4
In base 13, what is 3 + 55c?
562
In base 3, what is -10210 - 11?
-10221
In base 3, what is -11022 - -10?
-11012
In base 13, what is 5 + 51?
56
In base 7, what is -160 + 15?
-142
In base 9, what is 51 - 6?
44
In base 3, what is -11 + 2022?
2011
In base 12, what is -2 + 60?
5a
In base 11, what is 2 - -228?
22a
In base 13, what is -1479 - -5?
-1474
In base 15, what is -2 - 14?
-16
In base 16, what is 5d + 0?
5d
In base 15, what is 1248 - 3?
1245
In base 2, what is -100 + -100100100000?
-100100100100
In base 6, what is 1141 - 4?
1133
In base 13, what is a + ba?
c7
In base 5, what is 13 + -1304?
-1241
In base 2, what is 0 - -1111010?
1111010
In base 12, what is 621 - 5?
618
In base 3, what is 2122 + -21?
2101
In base 13, what is 13 - 8?
8
In base 9, what is 3 + 80?
83
In base 3, what is 2 + 121022?
121101
In base 11, what is -9 + 88?
7a
In base 4, what is 2 + -23?
-21
In base 8, what is -70 - 56?
-146
In base 16, what is 207 + 4?
20b
In base 12, what is 0 - 6?
-6
In base 2, what is -10000011110 + -11?
-10000100001
In base 7, what is 530 + -55?
442
In base 15, what is 5 - 70?
-6a
In base 1